16*s - 15. Let w be a(t). What is the highest common divisor of w and 13?
13
Suppose -419 = -4*l + 77. What is the highest common factor of l and 4?
4
Suppose 4*z - 5*z + 124 = 0. Let f = z + -68. Suppose 0 = 2*r + 2 - 16. What is the greatest common divisor of f and r?
7
Let q be (-3 + (-6)/(-3))/1. Let s be ((-2)/(-2))/(7/(-924)*q). Calculate the greatest common divisor of s and 24.
12
Let o = -79 - -185. Suppose -2*q = -o - 122. Calculate the greatest common divisor of 76 and q.
38
Suppose -2*j - 5*j = 0. Let s be -1 + (-4 + 0 + j)*-1. Calculate the greatest common factor of 24 and s.
3
Suppose 10 - 33 = -k. Let p(f) = 182*f**3 + 14*f**2 - 14*f + 2. Let s be p(1). Calculate the highest common divisor of s and k.
23
Suppose -15*n + 30 = -5*n. Suppose 0 = n*j - w - 36, 2*w = -3*j - 0*w + 36. What is the highest common divisor of 48 and j?
12
Let i = -23 - -329. Calculate the highest common factor of 34 and i.
34
Let s = -1349 + 1553. What is the greatest common factor of 221 and s?
17
Let i = -357 - -407. Calculate the greatest common factor of 325 and i.
25
Let h(p) = p**2 - 2*p + 16. Let c be h(0). Suppose 0 = -5*s - 2*w + 32, 4*w + 23 = 3*s + 9*w. Calculate the greatest common divisor of c and s.
2
Suppose -59*h + 1182 = -706. Let x be 143/3 + (-2)/(-6). Calculate the highest common factor of x and h.
16
Let w be (-71)/(-6) - (-35)/210. What is the highest common factor of 348 and w?
12
Let f(n) = 2*n**3 - 3*n**2 + 15*n - 43. Let l be f(3). Calculate the highest common divisor of 667 and l.
29
Let d(m) be the second derivative of -4*m**3/3 - m. Let a be d(-13). What is the highest common factor of 26 and a?
26
Let a be 187 + 28/(-16)*4. What is the greatest common divisor of 468 and a?
36
Let r be 1372/44 + (74/(-2442))/(1/6). Suppose 0 = 3*y - 438 + 66. Calculate the greatest common divisor of r and y.
31
Suppose 127 + 111 = 17*h. What is the greatest common factor of h and 38?
2
Let n = -57 + 81. Suppose -4*q = -n + 4. Suppose 124 = q*f + 19. Calculate the highest common factor of 7 and f.
7
Let h(c) = -3*c - 1 - 3*c - c. Let u be h(1). Let y be (-94)/u - 5/(-20). What is the highest common divisor of 84 and y?
12
Let q = -285 - -81. Let j = q + 299. Calculate the greatest common factor of j and 38.
19
Suppose -16 = 2*t - 4*t. Let i be ((-2)/(-4))/(2/t). Suppose x - r + 4*r - 35 = 0, 0 = -x + i*r + 40. What is the greatest common divisor of x and 57?
19
Suppose l = -0*l + 2. Suppose -5*j = -l*p + 5*p - 47, -1 = p. What is the greatest common divisor of j and 10?
10
Suppose z + x = 91, 0 = -5*z + 4*x + 263 + 228. Calculate the greatest common factor of 38 and z.
19
Let f be ((-7)/(-4))/((-7)/(-28)). Let z = 10 - 14. Let d be 8 - (-3)/(z + 1). What is the highest common factor of f and d?
7
Let g(h) = -6*h - 15. Let r be g(-5). Suppose -17*b + 2 = -r*b. Suppose 2*c - 4*c + 2 = 0. What is the highest common divisor of c and b?
1
Let o be (6 + -8)*1365/(-10). What is the greatest common factor of o and 84?
21
Let p be (-1)/3*(648/(-6))/6. Let a(q) = q**2 - 15*q - 4. Let m be a(16). What is the greatest common factor of p and m?
6
Suppose -7*p + 23*p = 10560. Calculate the highest common factor of 12 and p.
12
Let n(z) = 2*z**2 - z + 11. Let y(x) = 5*x - 17. Let u be y(4). Let h be n(u). Calculate the highest common divisor of 65 and h.
13
Let u = 134 - -51. Calculate the greatest common factor of u and 10.
5
Suppose -w + 2 = 2*r, 5*w + r = 6*r + 40. Suppose 10*s = 314 + w. Calculate the highest common factor of s and 16.
16
Suppose -75*s + 64 = -73*s. What is the greatest common divisor of s and 20?
4
Let q = -4 + 8. Suppose -4*i + 3*i + 17 = -2*c, -56 = -4*i - q*c. Suppose 134 = 3*b - 1. Calculate the greatest common divisor of i and b.
15
Let a = 28 - 48. Let i = a - -35. What is the greatest common factor of i and 135?
15
Let d(f) = f + 128. Let p be d(-37). Calculate the highest common factor of p and 377.
13
Let o be (-6)/(-4) - (-1)/2. Let k = -390 - -145. Let m = k - -248. What is the greatest common divisor of o and m?
1
Suppose 25*g - 506 = 19. What is the highest common factor of g and 14?
7
Let h be (40 + -42)*7/2*-1. What is the highest common divisor of h and 49?
7
Suppose 2*s = -o + 78, 3*o - 6 - 68 = -2*s. Let a be (30/12)/(2/192). Calculate the highest common divisor of a and s.
40
Let l(f) = f**2 + 33*f - 19. Let b be l(-35). What is the greatest common divisor of 119 and b?
17
Suppose -4*p - 2*k + 160 = 0, 3*k + 5 = -7. Calculate the greatest common divisor of p and 1449.
21
Let m = 18 - 0. Let c be (2/(-4))/((-13)/52). Suppose -3*n = -5*h + 285, -c*h = -h + 5*n - 29. What is the highest common divisor of m and h?
18
Let w = -26 + 29. Let t = w + 12. Let r = 16 - -149. Calculate the greatest common divisor of r and t.
15
Suppose 0 = -3*d - 110 - 28. Let z = d - -62. Calculate the highest common factor of z and 8.
8
Suppose -2*c - 5*o + 1528 = 0, 7*c - 3*c - 3028 = 4*o. What is the highest common divisor of c and 23?
23
Let t be 41/(-13)*-1 + 22/(-143). Suppose -10 = -5*h + 80. What is the greatest common factor of h and t?
3
Let r(v) = 51*v**3 + 2*v**2 - v. Let z be r(1). Suppose -3*s = 2*s. Suppose s*g - 1170 = -9*g. What is the greatest common factor of g and z?
26
Suppose 3 = a, 2*t - 4*a - 32 = 136. Suppose -38*n + 19*n + 570 = 0. Suppose -3*i + n = -r, -i = 3*r - 12 + 2. What is the greatest common factor of i and t?
10
Let v be 234/39*-5*2/(-4). Calculate the highest common divisor of v and 93.
3
Let z be -20*(-13)/52 + 125. What is the greatest common factor of 130 and z?
130
Let d be 6/21 - (-26)/7. Suppose 0 = -d*s + 78 + 2. Calculate the highest common factor of s and 8.
4
Suppose -4*l + 10 = 38. Let p(u) = u + 1. Let s(g) = -8*g - 14. Let w(c) = 4*p(c) + s(c). Let n be w(l). What is the highest common divisor of n and 6?
6
Let o be 56 + (3 - 0) + -2. Let a = -20 + 39. Calculate the greatest common divisor of a and o.
19
Suppose 111 = -5*z + 51. Let h be ((-20)/z)/(-3 + (-177)/(-54)). What is the greatest common factor of 78 and h?
6
Suppose 145*i = 150*i - l - 119, i - 2*l - 13 = 0. Let q = 10 + -5. What is the greatest common factor of q and i?
5
Let b = 553 + -205. Let i = -213 + b. Calculate the highest common factor of 15 and i.
15
Let z be 2 + (185*-1)/(-5). Let l = -37 + z. Calculate the highest common factor of 10 and l.
2
Let d be (-2)/7 + (432/56)/6. Let o = -4 - -11. Calculate the greatest common factor of o and d.
1
Suppose -136 - 259 = -g. Let z = g - 260. Suppose 14 = 4*y + 3*x - 94, 0 = -5*y + 4*x + z. Calculate the highest common divisor of 243 and y.
27
Suppose -2*u + 409 = 321. What is the greatest common factor of u and 55?
11
Let l = -410 - -446. Calculate the highest common divisor of 27 and l.
9
Suppose -3*h + 1355 = h - g, -5*h + 3*g = -1685. Calculate the greatest common divisor of h and 476.
68
Let r be (-3)/(-18) + ((-290)/12 - 1). Let h = -9 - r. Calculate the highest common factor of 48 and h.
16
Suppose 104 = 3*y - t, -3*y + t = 4*t - 108. What is the greatest common factor of y and 25?
5
Suppose -14196 = -68*x + 42*x. Calculate the highest common factor of x and 42.
42
Let b(y) = 2*y**3 + 3*y**2 - 3*y - 5. Let w be b(-3). Let l(j) = -j**3 - 22*j**2 + 20*j - 45. Let z be l(w). What is the highest common divisor of z and 84?
12
Let r be (42/9 + 2)*6. Let w(j) = -61*j + 14. Let a be w(-4). Let i = a - 158. What is the greatest common factor of i and r?
20
Let q(w) = 11*w + 1. Suppose 2*t + 17 = -5*l, t + 4*l + l = -21. Let x be q(t). Let f be 11 - 0 - (-24)/6. What is the greatest common factor of x and f?
15
Let t be (5 + 0)*-329*4/(-35). What is the highest common divisor of t and 12?
4
Let z(w) = -10*w**2 - 89*w - 37. Let r be z(-8). Suppose 0 = 3*h - 162 - 48. Calculate the greatest common divisor of h and r.
35
Let o be 5 + ((-38)/14 - (-8)/(-28)). Calculate the greatest common factor of o and 36.
2
Let r be 3 + -9 + ((-3)/3 - -3). Let d be (-42)/(9/r*3/18). Calculate the highest common divisor of 16 and d.
16
Let u(h) = 6*h**2 + h - 1. Let i be u(1). Let v(l) = l**2 + l. Let s be v(i). Calculate the highest common divisor of s and 28.
14
Suppose 1504 + 2984 = 34*x. What is the highest common factor of 12 and x?
12
Let d = 491 + -835. Let p = d + 526. What is the highest common